{"id":3968,"date":"2014-03-18T13:56:34","date_gmt":"2014-03-18T11:56:34","guid":{"rendered":"http:\/\/blog.marciszewski.eu\/?page_id=3968"},"modified":"2024-07-06T14:30:07","modified_gmt":"2024-07-06T12:30:07","slug":"calculemus","status":"publish","type":"page","link":"https:\/\/marciszewski.eu\/?page_id=3968","title":{"rendered":"Calculemus"},"content":{"rendered":"<p><span style=\"color: #000080;\"><a href=\"http:\/\/calculemus.org\" target=\"_blank\" rel=\"noopener\" data-jzz-gui-player=\"true\"><span style=\"color: #000080;\">Domena Calculemus.org<\/span><\/a> powsta\u0142a z pocz\u0105tkiem roku 1998 jako w\u0142asno\u015b\u0107 <em>Fundacji na rzecz Informatyki, Logiki i Matematyki<\/em> za\u0142o\u017conej w roku 1992 przez Halin\u0119 i Witolda Marciszewskich; przez ponad 20 lat prezesem Zarz\u0105du by\u0142 Witold Marciszewski, obecnie jest nim Roman Matuszewski.<\/span><\/p>\n<p><span style=\"color: #000080;\">Wszechstronne zas\u0142ugi w utworzeniu i prowadzeniu domeny, jak te\u017c powsta\u0142ych z jej ewolucji innych witryn,\u00a0 ma informatyk Jaros\u0142aw Soko\u0142owski.\u00a0 Jest to rola pomys\u0142odawcy i realizatora rozwi\u0105za\u0144 informatycznych,\u00a0 administratora,\u00a0 konserwatora,\u00a0 programisty,\u00a0 konsultanta itd.<\/span><\/p>\n<p><span style=\"color: #000080;\">Za\u0142o\u017cyciel domeny, zgodnie ze sw\u0105 profesj\u0105 odnotowan\u0105 na dyplomie jako &#8222;dr hab<\/span><span style=\"color: #000080;\">.\u00a0 nauk humanistycznych w zakresie logiki&#8221;,\u00a0 zamierzy\u0142 j\u0105 jako witryn\u0119 d<a href=\"https:\/\/marciszewski.eu\/wp-content\/uploads\/2021\/02\/leibniz9.gif\" data-jzz-gui-player=\"true\"><img loading=\"lazy\" decoding=\"async\" class=\" wp-image-11033 alignright\" src=\"https:\/\/marciszewski.eu\/wp-content\/uploads\/2021\/02\/leibniz9.gif\" alt=\"\" width=\"177\" height=\"201\" \/><\/a>la <\/span><span style=\"color: #000080;\">filozofii i nauk <\/span><span style=\"color: #000080;\">spo\u0142ecznych.\u00a0 Jej osobliwo\u015bci\u0105 jest uprawianie tych nauk wed\u0142ug\u00a0 programu\u00a0 Gottfried<\/span><span style=\"color: #000080;\">a Wilhelma Leibniza (1646-1716). Programu zmodernizowanego na miar\u0119 naszych czas\u00f3w, to jest, z <\/span><span style=\"color: #000080;\">wykorzystaniem w tre\u015bci i metodach wsp\u00f3\u0142czesnej logiki wraz z informatyk\u0105.\u00a0 Podstawowa jest dla tych nauk idea obliczalno\u015bci.\u00a0 St\u0105d tytu\u0142 domeny CALCULEMUS,\u00a0 co znaczy: <em>obliczajmy!\u00a0<\/em> A jej ikonami s\u0105 wizerunki maszyny licz\u0105cej Leibniza oraz odkrywc\u00f3w \u015bwiata liczb\u00a0 nieobliczalnych &#8212; Kurta G\u00f6dla i Alana Turinga.<\/span><\/p>\n<p><span style=\"color: #000080;\">Zawarto\u015b\u0107 domeny odzwierciedla zainteresowania badawcze, dzia\u0142alno\u015b\u0107 pisarsk\u0105 oraz aktywno\u015b\u0107 dydaktyczn\u0105 i akademicko-organizacyjn\u0105 jej za\u0142o\u017cyciela, z tym \u017ce jak najch\u0119tniej s\u0105 w niej widziani r\u00f3wnie\u017c inni autorzy.<\/span><\/p>\n<p style=\"text-align: center;\"><span style=\"color: #ff0000;\"><strong>* * *<\/strong><\/span><\/p>\n<p><span style=\"color: #000080;\">Od pocz\u0105tku roku roku 2011 domena jest skorelowana z blogiem &#8222;Polemiki i Rozm\u00f3wki w Cafe Aleph&#8221;, wsp\u00f3\u0142prowadzonym od roku przez Paw\u0142a Stacewicza, kt\u00f3ry wni\u00f3s\u0142 do\u0144 nowe powiewy, id\u0105ce od \u015brodowisk Politechniki Warszawskiej.\u00a0 Korelacja bierze si\u0119 z potrzeby optymalnego po\u0142\u0105czenia dw\u00f3ch jako\u015bci pisarstwa akademickiego.\u00a0 (1) Jednym jest po\u0142\u0105czenie pe\u0142no\u015bci argumentacji, dokumentacji bibliograficznej i \u015bcis\u0142o\u015bci wywod\u00f3w, co wymaga tekst\u00f3w w rozmiarze, kt\u00f3ry jest standardem w periodykach naukowych.\u00a0 (2) Innym atrybutem, nie mniej po\u017c\u0105danym, jest ten, na kt\u00f3ry sk\u0142ada si\u0119 zwi\u0119z\u0142o\u015b\u0107, barwno\u015b\u0107, a nawet pewna prowokacyjno\u015b\u0107, cechuj\u0105ce publicystyk\u0119.\u00a0 <\/span><\/p>\n<p><span style=\"color: #000080;\">Pomys\u0142 optymalizacyjny polega na stworzeniu elektronicznej czytelni &#8212; Lectorium &#8212; tekst\u00f3w pierwszego rodzaju.\u00a0 Ka\u017cdy z nich mo\u017ce mie\u0107 (w miar\u0119 potrzeby) odpowiednik na ten sam temat, ale drugiego rodzaju.\u00a0 Ten drugi to teksty zagaje\u0144 dyskusji w blogu, kt\u00f3re stwarzaj\u0105\u00a0 przestrze\u0144 dla opinii dyskutant\u00f3w.\u00a0 Linki mi\u0119dzy jednym i drugim rodzajem tekst\u00f3w maj\u0105 sprawia\u0107, \u017ce zalety obu b\u0119d\u0105 si\u0119 wzajem dope\u0142nia\u0107.<\/span><\/p>\n<p><span style=\"color: #000080;\">Ze wzgl\u0119du na asocjacje z \u017cyciem intelektualnym, jakim t\u0119tni\u0142y przez wieki\u00a0 kawiarnie europejskich metropolii, obejmujemy obie &#8222;instytucje&#8221; mianem Cafe.\u00a0 Czemu jest to <em>Cafe pod Alephem?\u00a0<\/em> Ma to zwi\u0105zek z ide\u0105<em> calculemus:<\/em>\u00a0 alephy s\u0105 to niesko\u0144czone zbiory liczb nale\u017c\u0105ce do r\u00f3\u017cnych poziom\u00f3w niesko\u0144czono\u015bci.\u00a0 Ich odkryciu przez Georga Cantora (wielkiego admiratora Leibniza) zawdzi\u0119czamy, w szczeg\u00f3lno\u015bci, zrozumienie tego, jak ma si\u0119 zbi\u00f3r liczb naturalnych do continuum liczb rzeczywistych.\u00a0 Temat ten sta\u0142 si\u0119, ca\u0142kiem spontanicznie, jednym z najcz\u0119\u015bciej dyskutowanych w blogu, co potwierdza s\u0142uszno\u015b\u0107 jego <\/span><span style=\"color: #000080;\">powi\u0105zania z ideami Alepha i Calculemus.<\/span><\/p>\n<p><span style=\"color: #000080;\">Istnieje te\u017c wa\u017cny zwi\u0105zek poj\u0119cia obliczalno\u015bci z metodologi\u0105 nauk spo\u0142ecznych, dostrze\u017cony przez Maxa Webera i ekonomiczn\u0105 Szko\u0142\u0119 Austriack\u0105. Niech to zach\u0119ci do wizyt w Cafe Aleph tych humanist\u00f3w, kt\u00f3rych poci\u0105gaj\u0105 nowe horyzonty.\u00a0 Mo\u017ce nie cz\u0119sto \u015bni\u0105 si\u0119 one filozofom, ale s\u0105 jak najbardziej realne na jawie.<\/span><\/p>\n","protected":false},"excerpt":{"rendered":"<p>Domena Calculemus.org powsta\u0142a z pocz\u0105tkiem roku 1998 jako w\u0142asno\u015b\u0107 Fundacji na rzecz Informatyki, Logiki i Matematyki za\u0142o\u017conej w roku 1992 przez Halin\u0119 i Witolda Marciszewskich; przez ponad 20 lat prezesem Zarz\u0105du by\u0142 Witold Marciszewski, obecnie jest nim Roman Matuszewski. Wszechstronne &hellip; <a href=\"https:\/\/marciszewski.eu\/?page_id=3968\">Czytaj dalej <span class=\"meta-nav\">&rarr;<\/span><\/a><\/p>\n","protected":false},"author":2,"featured_media":0,"parent":0,"menu_order":0,"comment_status":"closed","ping_status":"closed","template":"","meta":{"footnotes":""},"class_list":["post-3968","page","type-page","status-publish","hentry"],"_links":{"self":[{"href":"https:\/\/marciszewski.eu\/index.php?rest_route=\/wp\/v2\/pages\/3968","targetHints":{"allow":["GET"]}}],"collection":[{"href":"https:\/\/marciszewski.eu\/index.php?rest_route=\/wp\/v2\/pages"}],"about":[{"href":"https:\/\/marciszewski.eu\/index.php?rest_route=\/wp\/v2\/types\/page"}],"author":[{"embeddable":true,"href":"https:\/\/marciszewski.eu\/index.php?rest_route=\/wp\/v2\/users\/2"}],"replies":[{"embeddable":true,"href":"https:\/\/marciszewski.eu\/index.php?rest_route=%2Fwp%2Fv2%2Fcomments&post=3968"}],"version-history":[{"count":43,"href":"https:\/\/marciszewski.eu\/index.php?rest_route=\/wp\/v2\/pages\/3968\/revisions"}],"predecessor-version":[{"id":11817,"href":"https:\/\/marciszewski.eu\/index.php?rest_route=\/wp\/v2\/pages\/3968\/revisions\/11817"}],"wp:attachment":[{"href":"https:\/\/marciszewski.eu\/index.php?rest_route=%2Fwp%2Fv2%2Fmedia&parent=3968"}],"curies":[{"name":"wp","href":"https:\/\/api.w.org\/{rel}","templated":true}]}}

<p><span style="color: #000080;"><a href="http://calculemus.org" target="_blank" rel="noopener" data-jzz-gui-player="true"><span style="color: #000080;">Domena Calculemus.org</span></a> powstała z początkiem roku 1998 jako własność <em>Fundacji na rzecz Informatyki, Logiki i Matematyki</em> założonej w roku 1992 przez Halinę i Witolda Marciszewskich; przez ponad 20 lat prezesem Zarządu był Witold Marciszewski, obecnie jest nim Roman Matuszewski.</span></p>
<p><span style="color: #000080;">Wszechstronne zasługi w utworzeniu i prowadzeniu domeny, jak też powstałych z jej ewolucji innych witryn,  ma informatyk Jarosław Sokołowski.  Jest to rola pomysłodawcy i realizatora rozwiązań informatycznych,  administratora,  konserwatora,  programisty,  konsultanta itd.</span></p>
<p><span style="color: #000080;">Założyciel domeny, zgodnie ze swą profesją odnotowaną na dyplomie jako &#8222;dr hab</span><span style="color: #000080;">.  nauk humanistycznych w zakresie logiki&#8221;,  zamierzył ją jako witrynę d<a href="https://marciszewski.eu/wp-content/uploads/2021/02/leibniz9.gif" data-jzz-gui-player="true"><img loading="lazy" decoding="async" class=" wp-image-11033 alignright" src="https://marciszewski.eu/wp-content/uploads/2021/02/leibniz9.gif" alt="" width="177" height="201" /></a>la </span><span style="color: #000080;">filozofii i nauk </span><span style="color: #000080;">społecznych.  Jej osobliwością jest uprawianie tych nauk według  programu  Gottfried</span><span style="color: #000080;">a Wilhelma Leibniza (1646-1716). Programu zmodernizowanego na miarę naszych czasów, to jest, z </span><span style="color: #000080;">wykorzystaniem w treści i metodach współczesnej logiki wraz z informatyką.  Podstawowa jest dla tych nauk idea obliczalności.  Stąd tytuł domeny CALCULEMUS,  co znaczy: <em>obliczajmy! </em> A jej ikonami są wizerunki maszyny liczącej Leibniza oraz odkrywców świata liczb  nieobliczalnych &#8212; Kurta Gödla i Alana Turinga.</span></p>
<p><span style="color: #000080;">Zawartość domeny odzwierciedla zainteresowania badawcze, działalność pisarską oraz aktywność dydaktyczną i akademicko-organizacyjną jej założyciela, z tym że jak najchętniej są w niej widziani również inni autorzy.</span></p>
<p style="text-align: center;"><span style="color: #ff0000;"><strong>* * *</strong></span></p>
<p><span style="color: #000080;">Od początku roku roku 2011 domena jest skorelowana z blogiem &#8222;Polemiki i Rozmówki w Cafe Aleph&#8221;, współprowadzonym od roku przez Pawła Stacewicza, który wniósł doń nowe powiewy, idące od środowisk Politechniki Warszawskiej.  Korelacja bierze się z potrzeby optymalnego połączenia dwóch jakości pisarstwa akademickiego.  (1) Jednym jest połączenie pełności argumentacji, dokumentacji bibliograficznej i ścisłości wywodów, co wymaga tekstów w rozmiarze, który jest standardem w periodykach naukowych.  (2) Innym atrybutem, nie mniej pożądanym, jest ten, na który składa się zwięzłość, barwność, a nawet pewna prowokacyjność, cechujące publicystykę.  </span></p>
<p><span style="color: #000080;">Pomysł optymalizacyjny polega na stworzeniu elektronicznej czytelni &#8212; Lectorium &#8212; tekstów pierwszego rodzaju.  Każdy z nich może mieć (w miarę potrzeby) odpowiednik na ten sam temat, ale drugiego rodzaju.  Ten drugi to teksty zagajeń dyskusji w blogu, które stwarzają  przestrzeń dla opinii dyskutantów.  Linki między jednym i drugim rodzajem tekstów mają sprawiać, że zalety obu będą się wzajem dopełniać.</span></p>
<p><span style="color: #000080;">Ze względu na asocjacje z życiem intelektualnym, jakim tętniły przez wieki  kawiarnie europejskich metropolii, obejmujemy obie &#8222;instytucje&#8221; mianem Cafe.  Czemu jest to <em>Cafe pod Alephem? </em> Ma to związek z ideą<em> calculemus:</em>  alephy są to nieskończone zbiory liczb należące do różnych poziomów nieskończoności.  Ich odkryciu przez Georga Cantora (wielkiego admiratora Leibniza) zawdzięczamy, w szczególności, zrozumienie tego, jak ma się zbiór liczb naturalnych do continuum liczb rzeczywistych.  Temat ten stał się, całkiem spontanicznie, jednym z najczęściej dyskutowanych w blogu, co potwierdza słuszność jego </span><span style="color: #000080;">powiązania z ideami Alepha i Calculemus.</span></p>
<p><span style="color: #000080;">Istnieje też ważny związek pojęcia obliczalności z metodologią nauk społecznych, dostrzeżony przez Maxa Webera i ekonomiczną Szkołę Austriacką. Niech to zachęci do wizyt w Cafe Aleph tych humanistów, których pociągają nowe horyzonty.  Może nie często śnią się one filozofom, ale są jak najbardziej realne na jawie.</span></p>

<p>Domena Calculemus.org powstała z początkiem roku 1998 jako własność Fundacji na rzecz Informatyki, Logiki i Matematyki założonej w roku 1992 przez Halinę i Witolda Marciszewskich; przez ponad 20 lat prezesem Zarządu był Witold Marciszewski, obecnie jest nim Roman Matuszewski. Wszechstronne &hellip; <a href="https://marciszewski.eu/?page_id=3968">Czytaj dalej <span class="meta-nav">&rarr;</span></a></p>
