{"id":8381,"date":"2015-12-20T11:35:47","date_gmt":"2015-12-20T09:35:47","guid":{"rendered":"http:\/\/marciszewski.eu\/?page_id=8381"},"modified":"2025-05-14T18:44:15","modified_gmt":"2025-05-14T16:44:15","slug":"seminarium-na-pw","status":"publish","type":"page","link":"https:\/\/marciszewski.eu\/?page_id=8381","title":{"rendered":"Seminarium"},"content":{"rendered":"<p style=\"text-align: justify;\">Pocz\u0105wszy od roku akademickiego 2014\/2015 dzia\u0142a w Politechnice Warszawskiej, przy wydziale WAiNS, mi\u0119dzyuczelniane comiesi\u0119czne seminarium naukowe z FILOZOFII NAUKI (z najwi\u0119kszym udzia\u0142em temat\u00f3w informatycznych).<br \/>\nSerdecznie zapraszamy do udzia\u0142u wszystkich zainteresowanych!<br \/>\nJe\u015bli nie mo\u017ce to by\u0107 udzia\u0142 faktyczny, niech b\u0119dzie chocia\u017c blogowy &#8212; w formie komentarzy do podawanych ni\u017cej wpis\u00f3w blogowych&#8230;<\/p>\n<p>Zach\u0119camy tak\u017ce do ogl\u0105dania nagranych spotka\u0144 seminaryjnych (od roku 2021) na specjalnym <a href=\"https:\/\/www.youtube.com\/playlist?list=PLM-1yNCyvJJASLfK_f_Yf8GCa-9phQixG\" target=\"_blank\" rel=\"noopener\">kanale YouTube Seminarium<\/a>.<\/p>\n<p style=\"text-align: justify;\"><span style=\"color: #0000ff;\">Najbli\u017csze seminarium odb\u0119dzie si\u0119 w dniu 15.05.2025 w godzinach od 17.30 do 19.30, w formie online. Dyskusj\u0119 poprzedzi dwug\u0142os na temat mowy nienawi\u015bci. Referaty pt.\u00a0 &#8222;Logiczno-prawne aspekty mowy nienawi\u015bci&#8221; wyg\u0142osi dr Andrzej Malec, za\u015b referat pt. &#8222;W poszukiwaniu etycznej definicji mowy nienawi\u015bci&#8221; wyg\u0142osi dr Maciej Kulik.\u00a0<\/span><\/p>\n<h2>ROK AKADEMICKI 2024\/25<\/h2>\n<p><strong>5.<\/strong> <b>O uczeniu si\u0119 maszyn i ludzi<\/b><br \/>\n(<em>Wojciech G\u0142a\u017cewski, <\/em>10-04-2025)<\/p>\n<p>\u2666 \u00a0Abstrakt referatu (pojawi si\u0119 p\u00f3\u017aniej)<br \/>\n\u2666 \u00a0<a href=\"https:\/\/www.youtube.com\/watch?v=OiYj8hnTgF8&amp;list=PLM-1yNCyvJJASLfK_f_Yf8GCa-9phQixG&amp;index=13&amp;t=2733s\" target=\"_blank\" rel=\"noopener\">Nagranie spotkania<\/a> na platformie YouTube<\/p>\n<p><strong>4.<\/strong> Autonomia system\u00f3w SI. Zagadnienia filozoficzne<br \/>\n(<em>Piotr Kulicki, Pawe\u0142 Stacewicz, <\/em>27-03-2025)<\/p>\n<p>By\u0142o to spotkanie stacjonarne po\u0142\u0105czone z z Seminarium Spo\u0142ecze\u0144stwa Cyfrowego (<span class=\"x_NormalTextRun x_SCXW245779089 x_BCX0\">organizowanym przez <\/span><span class=\"x_NormalTextRun x_SCXW245779089 x_BCX0\">Laboratorium Nowego Etosu\u00a0<\/span><span class=\"x_NormalTextRun x_SCXW245779089 x_BCX0\">(<\/span><span class=\"x_NormalTextRun x_SCXW245779089 x_BCX0\">https:\/\/newethos.org\/events\/<\/span><span class=\"x_NormalTextRun x_SCXW245779089 x_BCX0\">).<\/span><\/p>\n<p><strong>Referaty wyg\u0142osili<\/strong>:<br \/>\n&#8212; Piotr Kulicki: <em>Ustalanie odpowiedzialno\u015bci za zdarzenia w trakcie autonomicznej jazdy &#8211; podej\u015bcie ontologiczne<\/em><br \/>\n&#8212; Pawe\u0142 Stacewicz: <em>Czy systemy sztucznej inteligencji mog\u0105 by\u0107 prawdziwie autonomiczne?<\/em><\/p>\n<p><strong>3.<\/strong> <b>Co ciekawego znajdzie filozof w ksi\u0105\u017cce\u00a0<i>Szkic dedukcyjnej teorii \u017cycia<\/i><\/b><strong>?<\/strong><br \/>\n(<em>Andrzej Gecow, <\/em>23-01-2025)<\/p>\n<p>\u2666 \u00a0<a href=\"https:\/\/marciszewski.eu\/?p=11905\" target=\"_blank\" rel=\"noopener noreferrer\">Wpis blogowy<\/a><br \/>\n\u2666 \u00a0<a href=\"https:\/\/www.youtube.com\/watch?v=E0kMBXPzVmU&amp;list=PLM-1yNCyvJJASLfK_f_Yf8GCa-9phQixG&amp;index=18\" target=\"_blank\" rel=\"noopener\">Nagranie spotkania<\/a> na platformie YouTube<\/p>\n<p><strong>2.<\/strong> <b>Obszerne Modele J\u0119zyka (LLM) i co dalej?<\/b><br \/>\n(<em>Andre W\u0142odarczyk, 12<\/em>-12-2025)<\/p>\n<p>\u2666 \u00a0<a href=\"https:\/\/marciszewski.eu\/?p=11919\" target=\"_blank\" rel=\"noopener noreferrer\">Wpis blogowy<\/a><br \/>\n\u2666 \u00a0<a href=\"https:\/\/www.youtube.com\/watch?v=uAl6R4Cs410&amp;list=PLM-1yNCyvJJASLfK_f_Yf8GCa-9phQixG&amp;index=17\" target=\"_blank\" rel=\"noopener\">Nagranie spotkania<\/a> na platformie YouTube<\/p>\n<p><strong>1.<\/strong> <b>Koszty \u015brodowiskowe sztucznej inteligencji jako koszty etyczne<\/b><br \/>\n(<em>Rados\u0142aw Siedli\u0144ski, 7<\/em>-11-2024)<\/p>\n<p>\u2666\u00a0 Abstrakt referatu (pojawi si\u0119 p\u00f3\u017aniej)<br \/>\n\u2666 \u00a0<a href=\"https:\/\/www.youtube.com\/watch?v=f7PheBmxo5U&amp;list=PLM-1yNCyvJJASLfK_f_Yf8GCa-9phQixG&amp;index=16\" target=\"_blank\" rel=\"noopener\">Nagranie spotkania<\/a> na platformie YouTube<\/p>\n<h2>ROK AKADEMICKI 2023\/24<\/h2>\n<p><strong>7. <span style=\"color: #000000;\">Sztuczna inteligencja &#8211; najwa\u017cniejsze dokonania i prze\u0142omy ostatnich lat<\/span><\/strong><br \/>\n(<em>Jaros\u0142aw Chudziak, <\/em>23-05-2024)<\/p>\n<p>\u2666 <a href=\"https:\/\/marciszewski.eu\/?p=11779\" target=\"_blank\" rel=\"noopener noreferrer\">Wpis blogowy<\/a><br \/>\n\u2666 <a href=\"https:\/\/www.youtube.com\/watch?v=mxuaFbRnp2Y&amp;list=PLM-1yNCyvJJASLfK_f_Yf8GCa-9phQixG&amp;index=15\" target=\"_blank\" rel=\"noopener\">Nagranie spotkania<\/a> na platformie YouTube<\/p>\n<p><strong>6.<\/strong> <strong>Czy sumienie komputera mo\u017ce by\u0107 autonomiczne?<\/strong><br \/>\n(<em>Andrzej Malec, <\/em>25-04-2024)<\/p>\n<p>\u2666 <a href=\"https:\/\/marciszewski.eu\/?p=11779\" target=\"_blank\" rel=\"noopener noreferrer\">Wpis blogowy<\/a><br \/>\n\u2666 <a href=\"https:\/\/www.youtube.com\/watch?v=F4B6LmhoG20&amp;list=PLM-1yNCyvJJASLfK_f_Yf8GCa-9phQixG&amp;index=12\" target=\"_blank\" rel=\"noopener\">Nagranie spotkania<\/a> na platformie YouTube<\/p>\n<p><strong>5.<\/strong> <strong>Jak oswoi\u0107 sztuczn\u0105 inteligencj\u0119? Symbiotyczny model rozwoju sztucznej inteligencji<\/strong><br \/>\n(<em>Pawe\u0142 Polak, <\/em>21-03-2024)<\/p>\n<p>\u2666 <a href=\"https:\/\/czasopisma.kul.pl\/index.php\/ethos\/article\/view\/16986\/15081\" target=\"_blank\" rel=\"noopener noreferrer\">Omawiany artyku\u0142<\/a><br \/>\n\u2666 \u00a0<a href=\"https:\/\/www.youtube.com\/watch?v=QFjE-Kvri6A&amp;list=PLM-1yNCyvJJASLfK_f_Yf8GCa-9phQixG&amp;index=14\" target=\"_blank\" rel=\"noopener\">Nagranie spotkania<\/a> na platformie YouTube<\/p>\n<p><strong>4.<\/strong> Modelowanie matematyczne a proces obliczeniowy &#8211; Perspektywa instrumentalistyczna<br \/>\n(<em>Roman Morawski, <\/em>25-01-2024)<\/p>\n<p>By\u0142o to spotkanie po\u0142\u0105czone z seminarium \u201eFilozoficznych problem\u00f3w wiedzy\u201d (IFiS PAN, PW, UW).<\/p>\n<p><strong>3.<\/strong> <strong>Od poj\u0119cia prawdy do proces\u00f3w epistemicznych i pojetycznych<\/strong><br \/>\n(<em>J\u00f3zef Lubacz, <\/em>25-04-2024)<\/p>\n<p>By\u0142o to spotkanie po\u0142\u0105czone z seminarium \u201eFilozoficznych problem\u00f3w wiedzy\u201d (IFiS PAN, PW, UW).<\/p>\n<p><strong>2.<\/strong> <strong>Stosowanie prawa jako computing. Algorytmiczne i niealgorytmiczne etapy stosowania prawa<\/strong><br \/>\n(<em>Andrzej Malec, <\/em>14-12-2023)<\/p>\n<p>\u2666 <a href=\"https:\/\/calculemus.org\/fi6\/\" target=\"_blank\" rel=\"noopener noreferrer\">Abstrakt referatu<\/a><br \/>\n\u2666 \u00a0<a href=\"https:\/\/www.youtube.com\/watch?v=UNVBOMdW6m0&amp;list=PLM-1yNCyvJJASLfK_f_Yf8GCa-9phQixG&amp;index=4\" target=\"_blank\" rel=\"noopener\">Nagranie spotkania<\/a> na platformie YouTube<\/p>\n<p><strong>1.<\/strong> O r\u00f3\u017cnych sposobach rozumienia terminu obliczanie (computing) w kontekstach informatycznych<br \/>\n(<em>Dyskusja og\u00f3lna z wprowadzeniem Paw\u0142a Stacewicza, <\/em>23-11-2023)<\/p>\n<p>\u2666 \u00a0<a href=\"https:\/\/marciszewski.eu\/?p=11700\" target=\"_blank\" rel=\"noopener noreferrer\">Wpis blogowy<\/a><br \/>\n\u2666 \u00a0<a href=\"https:\/\/www.youtube.com\/watch?v=9lCq3d0fNaI&amp;list=PLM-1yNCyvJJASLfK_f_Yf8GCa-9phQixG&amp;index=5\" target=\"_blank\" rel=\"noopener\">Nagranie spotkania<\/a> na platformie YouTube<\/p>\n<h2>ROK AKADEMICKI 2021\/22<\/h2>\n<p><strong>3.<\/strong> <strong>Czy istnieje poznanie bezpo\u015brednie?<\/strong><br \/>\n(<em>Zbigniew Kr\u00f3l, <\/em>27-01-2022)<\/p>\n<p>\u2666 <a href=\"https:\/\/calculemus.org\/fi6\/\" target=\"_blank\" rel=\"noopener noreferrer\">Abstrakt referatu<\/a><\/p>\n<p><strong>2.<\/strong> <strong>Konferencja &#8222;Filozofia w informatyce VI&#8221;<\/strong><br \/>\n(<em>konferencja silnie powi\u0105zana z Seminarium<\/em>16\/17-12-2021)<\/p>\n<p>Referaty wyg\u0142osi\u0142o wielu uczestnik\u00f3w i sympatyk\u00f3w naszego seminarium.<\/p>\n<p>\u2666 <a href=\"https:\/\/calculemus.org\/fi6\/\" target=\"_blank\" rel=\"noopener noreferrer\">Link do strony konferencji<\/a><\/p>\n<p><strong>1.<\/strong> <strong>Wypowied\u017a jako kompleks r\u00f3\u017cnych rodzaj\u00f3w informacji<\/strong><br \/>\n(<em>Bo\u017cenna Bojar, Helene W\u0142odarczyk, Andre W\u0142odarczyk <\/em>28-10-2021)<\/p>\n<p>Spotkanie mia\u0142o posta\u0107 sympozjum z trzema referatami i dyskusj\u0105.<br \/>\n<strong>Wyst\u0105pili<\/strong>:<br \/>\n&#8212; Bo\u017cenna Bojar: <em>O koncepcji meta-informacji i jej wyk\u0142adnikach w j\u0119zyku naturalnym<\/em><br \/>\n&#8212; H\u00e9l\u00e8ne W\u0142odarczyk: <em>Predykacja jako meta-informacja<\/em><br \/>\n&#8212; Andr\u00e9 W\u0142odarczyk: <em>Triada MOP (meta-, orto- i para-informacja) jako zasadnicze sk\u0142adniki znaczenia wypowiedzi j\u0119zykowych<\/em><\/p>\n<p>\u2666 <a href=\"http:\/\/stac.calculemus.org\/pdf\/Seminarium-2021-22\/Wypowiedz\u0301 jako kompleks ro\u0301z\u0307nych rodzajo\u0301w informacji bb+haw.docx\" target=\"_blank\" rel=\"noopener noreferrer\">Abstrakty referat\u00f3w<\/a><\/p>\n<p>\u2666 <a href=\"http:\/\/stac.calculemus.org\/pdf\/Seminarium-2021-22\/Wypowied\u017a jako kompleks r\u00f3\u017cnych rodzaj\u00f3w informacji - referat.pdf\" target=\"_blank\" rel=\"noopener noreferrer\">O koncepcji metainformacji&#8230; (tekst)<\/a><\/p>\n<p>\u2666 <a href=\"http:\/\/stac.calculemus.org\/pdf\/Seminarium-2021-22\/2021-Predykacja jako meta-informacja.pdf\" target=\"_blank\" rel=\"noopener noreferrer\">Predykacja jako metainformacja (slajdy)<\/a><\/p>\n<p>\u2666 <a href=\"http:\/\/stac.calculemus.org\/pdf\/Seminarium-2021-22\/Triada MOP (meta-, orto- i para-informacja)-po-zmianie.pdf\" target=\"_blank\" rel=\"noopener noreferrer\">Triada MOP (slajdy)<\/a><\/p>\n<p>\u2666 <a href=\"http:\/\/stac.calculemus.org\/pdf\/Seminarium-2021-22\/Nagranie--GMT20211028-153327_Recording_gallery_1760x810.mp4\" target=\"_blank\" rel=\"noopener noreferrer\">Nagranie spotkania online<\/a><\/p>\n<h2>ROK AKADEMICKI 2020\/21<\/h2>\n<p><strong>6.<\/strong> <strong>Rozum i \u015bwiadomo\u015b\u0107 historyczna. O naturalistycznych i obliczeniowych pr\u00f3bach racjonalizacji hermeneutyki<\/strong><br \/>\n(<em>Krzysztof So\u0142oducha, <\/em>25-03-2021)<\/p>\n<p>\u2666 <a href=\"https:\/\/marciszewski.eu\/wp-content\/uploads\/2021\/03\/Soloducha-Hrmeneutyka-Naturalizm.pdf\" target=\"_blank\" rel=\"noopener noreferrer\">Abstrakt referatu<\/a><\/p>\n<p><strong>5.<\/strong> <strong>Mereologiczna interpretacja eksperymentu my\u015blowego Galileusza<\/strong><br \/>\n(<em>Rafa\u0142 Gruszczy\u0144ski, <\/em>25-02-2021)<\/p>\n<p>\u2666 <a href=\"http:\/\/stac.calculemus.org\/pdf\/Seminarium-2020-21\/Filozofia informatyczna i paradygmat Turinga.pdf\" target=\"_blank\" rel=\"noopener noreferrer\">Abstrakt referatu<\/a><\/p>\n<p><strong>4.<\/strong> <strong>Czy musimy rozumie\u0107 jak dzia\u0142aj\u0105 maszyny, aby ufa\u0107 ich decyzjom?<\/strong><br \/>\n(<em>Marcin Rojszczak, <\/em>14-01-2021)<\/p>\n<p>\u2666 <a href=\"http:\/\/stac.calculemus.org\/pdf\/Seminarium-2020-21\/Filozofia informatyczna i paradygmat Turinga.pdf\" target=\"_blank\" rel=\"noopener noreferrer\">Abstrakt referatu<\/a><\/p>\n<p><strong>3.<\/strong> <strong>Czy musimy rozumie\u0107 jak dzia\u0142aj\u0105 maszyny, aby ufa\u0107 ich decyzjom?<\/strong><br \/>\n(<em>Marcin Rojszczak, <\/em>14-01-2021)<\/p>\n<p>\u2666 <a href=\"http:\/\/stac.calculemus.org\/pdf\/Seminarium-2020-21\/Filozofia informatyczna i paradygmat Turinga.pdf\" target=\"_blank\" rel=\"noopener noreferrer\">Abstrakt referatu<\/a><\/p>\n<p><strong>2.<\/strong> <strong>O pewnej propozycji uj\u0119cia monady Leibniza w ontologii topologicznej<\/strong><br \/>\n(<em>Janusz Kaczmarek, <\/em>10-12-2020)<\/p>\n<p>\u2666 <a href=\"http:\/\/stac.calculemus.org\/pdf\/Seminarium-2020-21\/Filozofia informatyczna i paradygmat Turinga.pdf\" target=\"_blank\" rel=\"noopener noreferrer\">Abstrakt referatu<\/a><\/p>\n<p><strong>1.<\/strong> <strong>Ku filozofii informatycznej. Sesja specjalna z okazji 90tych urodzin Profesora Witolda Marciszewskiego<\/strong><br \/>\n(<em>Kazimierz Trz\u0119sicki, Pawe\u0142 Polak, <\/em>17-11-2020)<\/p>\n<p>\u2666 \u00a0 <a href=\"http:\/\/stac.calculemus.org\/pdf\/Seminarium-2020-21\/Filozofia informatyczna i paradygmat Turinga.pdf\" target=\"_blank\" rel=\"noopener noreferrer\">Tekst Kazimierza Trz\u0119sickiego<\/a><br \/>\n\u2666 \u00a0 <a href=\"http:\/\/stac.calculemus.org\/pdf\/Seminarium-2020-21\/Filozofia-informatyki--PolakP.docx\" target=\"_blank\" rel=\"noopener noreferrer\">Abstrakt referatu Paw\u0142a Polaka<\/a><\/p>\n<h2>ROK AKADEMICKI 2019\/20<\/h2>\n<p><strong>5.<\/strong> <strong>Using conceptual spaces to model the structure of empirical theories<\/strong><br \/>\n(<em>Peter Gardenfors, <\/em>11-03-2020)<\/p>\n<p><strong>4.<\/strong> <strong>Informacja w uj\u0119ciu obliczeniowym. Dyskusja wok\u00f3\u0142 tekstu Giuseppe Primiero<\/strong><br \/>\n(<em>Pawe\u0142 Stacewicz, <\/em>23-01-2020)<\/p>\n<p>\u2666\u00a0 <a href=\"http:\/\/marciszewski.eu\/?p=10493\" target=\"_blank\" rel=\"noopener noreferrer\">Dyskusja blogowa<\/a> (zapraszamy do udzia\u0142u!)<br \/>\n\u2666\u00a0 <a href=\"http:\/\/stac.calculemus.org\/pdf\/FiTE-2019-20\/Routledge2016.pdf\" target=\"_blank\" rel=\"noopener noreferrer\">Artyku\u0142 Giuseppe Primiero<\/a><\/p>\n<p><strong>3.<\/strong> <strong>Obliczenia kwantowe<\/strong><br \/>\n(<em>Marek Ku\u015b, <\/em>12-11-2019)<\/p>\n<p>\u2666 \u00a0\u00a0<a href=\"http:\/\/stac.calculemus.org\/pdf\/Seminarium-2019-20\/Ku\u015b-Obliczenia-kwantowe.docx\" target=\"_blank\" rel=\"noopener noreferrer\">Abstrakt referatu<\/a><br \/>\n\u2666 \u00a0 <a href=\"http:\/\/stac.calculemus.org\/pdf\/Seminarium-2019-20\/mk_N.pdf\" target=\"_blank\" rel=\"noopener noreferrer\">Slajdy do referatu<\/a><\/p>\n<p><strong>2.<\/strong> <strong>On Computational Hypotheses and Computational Experiments<\/strong><br \/>\n(<em>Giuseppe Primiero, <\/em>19-11-2019)<\/p>\n<p>\u2666 \u00a0\u00a0<a href=\"http:\/\/stac.calculemus.org\/pdf\/Seminarium-2019-20\/Primiero-On-Computational-Hypotheses...pdf\" target=\"_blank\" rel=\"noopener noreferrer\">Abstrakt referatu<\/a><br \/>\n\u2666 \u00a0\u00a0<a href=\"http:\/\/stac.calculemus.org\/pdf\/Seminarium-2019-20\/Lecture2.pdf\" target=\"_blank\" rel=\"noopener noreferrer\">Slajdy do wyk\u0142adu<\/a><\/p>\n<p><strong>1.<\/strong> <strong>Aksjologia informacji i cyfrowy komunizm<\/strong><br \/>\n(<em>Beata Witkowska-Maksimczuk, <\/em>07-11-2019)<\/p>\n<p>\u2666 \u00a0 <a href=\"http:\/\/stac.calculemus.org\/pdf\/Seminarium-2019-20\/Aksjologia cyfrowego komunizmu-abstrakt.pdf\" target=\"_blank\" rel=\"noopener noreferrer\">Abstrakt referatu<\/a><\/p>\n<h2>ROK AKADEMICKI 2018\/19<\/h2>\n<p><strong>9.<\/strong> <strong>Badania transdyscyplinarne z mojej perspektywy (na przyk\u0142adzie budowania programu Gramatyki Rozproszonej)<\/strong><br \/>\n(<em>Andre W\u0142odarczyk, <\/em>30-05-2019)<\/p>\n<p>\u2666 \u00a0 <a href=\"http:\/\/stac.calculemus.org\/pdf\/Seminarium-2018-19\/Wlodarczyk-Badania transdyscyplinarne z mojej perspektywy.pdf\" target=\"_blank\" rel=\"noopener noreferrer\">Abstrakt referatu<\/a><br \/>\n\u2666 \u00a0 <em>Materia\u0142y pomocnicze<\/em><br \/>\n&#8212;\u00a0 <a href=\"http:\/\/celta.paris-sorbonne.fr\/DG-Biblio.html\" target=\"_blank\" rel=\"noopener noreferrer\">Lista wybranych prac nt. Gramatyki Rozproszonej<\/a> (z linkami)<br \/>\n&#8212;\u00a0 <a href=\"http:\/\/celta.paris-sorbonne.fr\/anasem\/asmic-papers\/2016-O_Pragmatycznej_naturze_predykacji.pdf\" target=\"_blank\" rel=\"noopener noreferrer\">Artyku\u0142 o predykacji<\/a><br \/>\n&#8212;\u00a0 <a href=\"http:\/\/celta.paris-sorbonne.fr\/anasem\/asmic-papers\/2018%20-%20MNIE%20CZY%20MI%20%28PJ-9-2018%29.pdf\" target=\"_blank\" rel=\"noopener noreferrer\">Artyku\u0142 o zaimkach<\/a><\/p>\n<p><strong>8.<\/strong> <strong>Computational Modelling<\/strong><br \/>\n(<em>International Workshop, <\/em>14-05-2019)<\/p>\n<p>\u2666 \u00a0 <a href=\"http:\/\/stac.calculemus.org\/pdf\/Seminarium-2018-19\/Computational-Modelling-14-05-2019-WUT-Abstracts-clean-v3.pdf\" target=\"_blank\" rel=\"noopener noreferrer\">Abstrakty referat\u00f3w<\/a><br \/>\n\u2666 \u00a0 <a href=\"http:\/\/stac.calculemus.org\/pdf\/Seminarium-2018-19\/plakat_konferencja_A4_druk.pdf\" target=\"_blank\" rel=\"noopener noreferrer\">Program warsztat\u00f3w<\/a><\/p>\n<p><strong>7.<\/strong> <strong>Informacja w uj\u0119ciu ontologicznym<\/strong><br \/>\n(<em>Roman Krzanowski, <\/em>11-04-2019)<\/p>\n<p>\u2666 \u00a0 <a href=\"http:\/\/stac.calculemus.org\/pdf\/Seminarium-2018-19\/Krzanowski--OntologicalInformation_W_wa_April_Abstr.pdf\" target=\"_blank\" rel=\"noopener noreferrer\">Abstrakt referatu<\/a><br \/>\n\u2666 \u00a0 <a href=\"http:\/\/stac.calculemus.org\/pdf\/Dyskusja_o_informacji.pdf\" target=\"_blank\" rel=\"noopener noreferrer\">Lektura (bardzo) wst\u0119pna<\/a><\/p>\n<p><strong>6.\u00a0<\/strong> <strong>O w\u0142asno\u015bciach semantycznych norm i rozkaz\u00f3w<\/strong><br \/>\n(<em>Andrzej Malec, <\/em>21-03-2019)<\/p>\n<p>\u2666 \u00a0 <a href=\"http:\/\/stac.calculemus.org\/pdf\/Seminarium-2018-19\/Malec-o-wlasnosciach-norm-i-rozkazow.pdf\" target=\"_blank\" rel=\"noopener noreferrer\">Abstrakt referatu<\/a><br \/>\n\u2666 \u00a0 <a href=\"http:\/\/stac.calculemus.org\/pdf\/Seminarium-2018-19\/matuszewski-recenzja-ksiazki-andrzeja-malec.pdf\" target=\"_blank\" rel=\"noopener noreferrer\">Recenzja ksi\u0105\u017cki Andrzeja Malca<\/a> autorstwa Romana Matuszewskiego.<br \/>\n\u2666\u00a0\u00a0 Ksi\u0105\u017cka Andrzeja Malca: <a href=\"http:\/\/amdp.strefa.pl\/wprowadzenie-do-semantyki-prawa.html\" target=\"_blank\" rel=\"noopener noreferrer\">Wprowadzenie do semantyki prawa<\/a>.<\/p>\n<p><strong>5.\u00a0<\/strong> <strong>Stan bada\u0144 nad cywilizacj\u0105 informacyjn\u0105<\/strong><br \/>\n(<em>Jacek Janowski, <\/em>28-02-2019)<\/p>\n<p>\u2666 \u00a0 <a href=\"http:\/\/stac.calculemus.org\/pdf\/Seminarium-2018-19\/Janowski-abstrakt.pdf\" target=\"_blank\" rel=\"noopener noreferrer\">Abstrakt referatu<\/a><br \/>\n\u2666 \u00a0 <a href=\"http:\/\/stac.calculemus.org\/pdf\/Seminarium-2018-19\/Janowski-szerszy-opis.pdf\" target=\"_blank\" rel=\"noopener noreferrer\">Lektura dodatkowa<\/a><\/p>\n<p><strong>4.<\/strong>\u00a0 <strong>Komputery bez krzemu. Biologia syntetyczna i obliczenia w uk\u0142adach biologicznych<\/strong><br \/>\n(<em>Marcin Rz\u0105deczka, <\/em>24-01-2019)<\/p>\n<p>\u2666 \u00a0 <a href=\"http:\/\/stac.calculemus.org\/pdf\/Seminarium-2018-19\/Rzadeczka-Komputery bez krzemu.pdf\" target=\"_blank\" rel=\"noopener noreferrer\">Abstrakt referatu<\/a><\/p>\n<p><strong>3.\u00a0<\/strong> <strong>Konferencja FILOZOFII NAUKI I METOD FORMALNYCH W FILOZOFII<\/strong><br \/>\n(<em>PW, 1<\/em>3-14.12.2018)<\/p>\n<p><strong>\u2013<\/strong> na konferencji referaty wyg\u0142asza\u0142o wielu uczestnik\u00f3w i sympatyk\u00f3w seminarium<br \/>\n\u2666\u00a0 <a href=\"http:\/\/www.icfo.ans.pw.edu.pl\/en\/?page_id=2251\" target=\"_blank\" rel=\"noopener noreferrer\">Link do strony konferencji<\/a><\/p>\n<p><strong>2.\u00a0<\/strong> <strong>Konferencja FILOZOFIA W INFORMATYCE IV<\/strong><br \/>\n(<em>PW, WAT, <\/em>23-24.11.2018)<\/p>\n<p><strong>\u2013<\/strong> na konferencji referaty wyg\u0142asza\u0142o wielu uczestnik\u00f3w i sympatyk\u00f3w seminarium<br \/>\n\u2666\u00a0 <a href=\"http:\/\/calculemus.org\/fi4\/\" target=\"_blank\" rel=\"noopener noreferrer\">Link do strony konferencji<\/a><\/p>\n<p><strong>1.<\/strong> <strong>Czy monada mo\u017ce by\u0107 osobliwym przypadkiem obiektu OOP?<\/strong><br \/>\n(<em>Jaros\u0142aw Strzelecki, <\/em>25-10-2018)<\/p>\n<p>\u2666 \u00a0 <a href=\"http:\/\/stac.calculemus.org\/pdf\/Seminarium-2018-19\/Strzelecki-abstrakt-referat-seminarium-obiekt-monada(OSOBLIWY).pdf\" target=\"_blank\" rel=\"noopener noreferrer\">Abstrakt referatu<\/a><br \/>\n\u2666 \u00a0 <a href=\"http:\/\/marciszewski.eu\/?p=1731\" target=\"_blank\" rel=\"noopener noreferrer\">Materia\u0142 wprowadzaj\u0105cy z bloga<\/a><br \/>\n\u2666 \u00a0 <a href=\"http:\/\/marciszewski.eu\/?p=1740\" target=\"_blank\" rel=\"noopener noreferrer\">Materia\u0142 pomocniczy: dyskusja wok\u00f3\u0142 Monadologii Leibniza<\/a><\/p>\n<h2>ROK AKADEMICKI 2017\/18<\/h2>\n<p><strong>1.<\/strong>\u00a0 <strong>Minimalne systemy poznawcze<\/strong><br \/>\n(<em>Rados\u0142aw Siedli\u0144ski, <\/em>23-11-2017)<\/p>\n<p>\u2666\u00a0\u00a0 <a href=\"http:\/\/stac.calculemus.org\/pdf\/Seminarium-2017-18\/Wprowadzenie do seminarium.pdf\" target=\"_blank\" rel=\"noopener noreferrer\">Wprowadzenie do referatu<\/a><br \/>\n\u2666\u00a0\u00a0 <a href=\"http:\/\/stac.calculemus.org\/pdf\/Seminarium-2017-18\/Poznanie minimalne.pdf\" target=\"_blank\" rel=\"noopener noreferrer\">Slajdy ilustruj\u0105ce referat<\/a><\/p>\n<p><strong>2.<\/strong>\u00a0 <strong>Idea umys\u0142u uciele\u015bnionego a problem niedeklaratywnych bada\u0144 ukrytych postaw poznawczych<\/strong><br \/>\n(<em>Krzysztof So\u0142oducha, <\/em>7-12-2017)<\/p>\n<p>\u2666 \u00a0 <a href=\"http:\/\/stac.calculemus.org\/pdf\/Seminarium-2017-18\/Soloducha_Politechnika_waw_07_12_17.pdf\" target=\"_blank\" rel=\"noopener noreferrer\">Abstrakt referatu<\/a><\/p>\n<p><strong>3.<\/strong> <strong>Ian Bogost: gry, postmodernizm i&#8230; \u015bwiatopogl\u0105d informatyczny<\/strong><br \/>\n(<em>Adam Was\u0105\u017cnik, <\/em>9-01-2018)<\/p>\n<p>\u2666 \u00a0 <a href=\"http:\/\/bogost.com\/books\/unit_operations\/\" target=\"_blank\" rel=\"noopener noreferrer\">Zwi\u0119z\u0142y opis ksi\u0105\u017cki I. Bogosta<\/a><br \/>\n\u2666 \u00a0 <a href=\"http:\/\/cejsh.icm.edu.pl\/cejsh\/element\/bwmeta1.element.hdl_11089_8848\" target=\"_blank\" rel=\"noopener noreferrer\">Tekst pomocniczy M. Petrowicza<\/a><\/p>\n<p><strong>4.<\/strong> <strong>Czy i w jakim sensie mo\u017cna uwa\u017ca\u0107, \u017ce \u015bwiat jest matematyczny?<\/strong><br \/>\n(<em>J\u00f3zef Lubacz <\/em>22-02-2018)<\/p>\n<p>\u2666 \u00a0 <a href=\"http:\/\/marciszewski.eu\/?p=8149\" target=\"_blank\" rel=\"noopener noreferrer\">Materia\u0142 wprowadzaj\u0105cy<\/a> (wpis blogowy P. Stacewicza)<br \/>\n\u2666 \u00a0 <a href=\"http:\/\/stac.calculemus.org\/pdf\/Seminarium-2017-18\/Matematycznos\u0107 \u015bwiata - sem-luty-2018.pdf\" target=\"_blank\" rel=\"noopener noreferrer\">Slajdy prelegenta<\/a><\/p>\n<p><strong>5.<\/strong> <strong>Abstrakcja i idealizacja w geometrii i topologii<\/strong><br \/>\n(<em>Rafa\u0142 Gruszczy\u0144ski 13<\/em>-03-2018)<\/p>\n<p>\u2666 \u00a0 <a href=\"http:\/\/stac.calculemus.org\/pdf\/Seminarium-2017-18\/Gruszczynski-2018-03-abstraction-idealization.pdf\" target=\"_blank\" rel=\"noopener noreferrer\">Slajdy prelegenta<\/a><\/p>\n<p><strong>6.<\/strong> <strong>Cyfrowy idealizm? O podobie\u0144stwach pomi\u0119dzy projektowaniem wizualnym, paradygmatem programowania obiektowego oraz Plato\u0144skim idealizmem<\/strong><br \/>\n(<em>Jakub Jernajczyk 12<\/em>-04-2018)<\/p>\n<p>\u2666 \u00a0 <a href=\"http:\/\/stac.calculemus.org\/pdf\/Seminarium-2017-18\/jj-abstrakt.pdf\" target=\"_blank\" rel=\"noopener noreferrer\">Abstrakt referatu<\/a><br \/>\n\u2666 \u00a0 Materia\u0142y wst\u0119pne z sieci:<br \/>\n&#8211;\u00a0\u00a0\u00a0 <a href=\"http:\/\/www.richardfarrar.com\/plato-and-object-oriented-programming\/\" rel=\"noopener noreferrer\">http:\/\/www.richardfarrar.com\/plato-and-object-oriented-programming\/<\/a><br \/>\n&#8211;\u00a0\u00a0\u00a0 <a href=\"http:\/\/mwyrobek.blogspot.com\/2011\/08\/filozofia-vs-programowanie-obiektowe.html\" rel=\"noopener noreferrer\">http:\/\/mwyrobek.blogspot.com\/2011\/08\/filozofia-vs-programowanie-obiektowe.html<\/a><\/p>\n<p><strong>7.<\/strong> <strong>Wybrane stanowiska filozoficzne w kwestii intuicji w uj\u0119ciu historycznym i problemowym<\/strong><br \/>\n(<em>Micha\u0142 Stelmach 22<\/em>-05-2018)<\/p>\n<p>\u2666\u00a0\u00a0 Materia\u0142 wst\u0119pny (zalecany przez prelegenta):<br \/>\n&#8211; \u00a0\u00a0 <a href=\"http:\/\/cejsh.icm.edu.pl\/cejsh\/element\/bwmeta1.element.c7046629-3f75-359d-95a8-145eebae9d24\/c\/01_Intuicja_Jako_Typ_Poznania_Wiedzy_I_Dyspozycji.pdf\">Intuicja jako typ poznania, wiedzy i intuicji<\/a> (artyku\u0142 M. Walczak)<\/p>\n<p><a href=\"http:\/\/marciszewski.eu\/?page_id=9189\" target=\"_blank\" rel=\"noopener noreferrer\">REFERATY ARCHIWALNE<\/a><\/p>\n","protected":false},"excerpt":{"rendered":"<p>Pocz\u0105wszy od roku akademickiego 2014\/2015 dzia\u0142a w Politechnice Warszawskiej, przy wydziale WAiNS, mi\u0119dzyuczelniane comiesi\u0119czne seminarium naukowe z FILOZOFII NAUKI (z najwi\u0119kszym udzia\u0142em temat\u00f3w informatycznych). Serdecznie zapraszamy do udzia\u0142u wszystkich zainteresowanych! Je\u015bli nie mo\u017ce to by\u0107 udzia\u0142 faktyczny, niech b\u0119dzie chocia\u017c &hellip; <a href=\"https:\/\/marciszewski.eu\/?page_id=8381\">Czytaj dalej <span class=\"meta-nav\">&rarr;<\/span><\/a><\/p>\n","protected":false},"author":3,"featured_media":0,"parent":0,"menu_order":0,"comment_status":"closed","ping_status":"closed","template":"","meta":{"footnotes":""},"class_list":["post-8381","page","type-page","status-publish","hentry"],"_links":{"self":[{"href":"https:\/\/marciszewski.eu\/index.php?rest_route=\/wp\/v2\/pages\/8381","targetHints":{"allow":["GET"]}}],"collection":[{"href":"https:\/\/marciszewski.eu\/index.php?rest_route=\/wp\/v2\/pages"}],"about":[{"href":"https:\/\/marciszewski.eu\/index.php?rest_route=\/wp\/v2\/types\/page"}],"author":[{"embeddable":true,"href":"https:\/\/marciszewski.eu\/index.php?rest_route=\/wp\/v2\/users\/3"}],"replies":[{"embeddable":true,"href":"https:\/\/marciszewski.eu\/index.php?rest_route=%2Fwp%2Fv2%2Fcomments&post=8381"}],"version-history":[{"count":123,"href":"https:\/\/marciszewski.eu\/index.php?rest_route=\/wp\/v2\/pages\/8381\/revisions"}],"predecessor-version":[{"id":11959,"href":"https:\/\/marciszewski.eu\/index.php?rest_route=\/wp\/v2\/pages\/8381\/revisions\/11959"}],"wp:attachment":[{"href":"https:\/\/marciszewski.eu\/index.php?rest_route=%2Fwp%2Fv2%2Fmedia&parent=8381"}],"curies":[{"name":"wp","href":"https:\/\/api.w.org\/{rel}","templated":true}]}}